of 12291?
3, 17, 241
What are the prime factors of 733?
733
List the prime factors of 10218.
2, 3, 13, 131
List the prime factors of 44241.
3, 14747
What are the prime factors of 3694?
2, 1847
What are the prime factors of 187455?
3, 5, 12497
List the prime factors of 26771.
19, 1409
List the prime factors of 40695.
3, 5, 2713
List the prime factors of 2586.
2, 3, 431
List the prime factors of 169597.
181, 937
What are the prime factors of 1992?
2, 3, 83
What are the prime factors of 51630?
2, 3, 5, 1721
List the prime factors of 25640.
2, 5, 641
List the prime factors of 12909.
3, 13, 331
List the prime factors of 1675.
5, 67
What are the prime factors of 25230?
2, 3, 5, 29
What are the prime factors of 71639?
71, 1009
What are the prime factors of 217?
7, 31
What are the prime factors of 11834?
2, 61, 97
List the prime factors of 151555.
5, 17, 1783
List the prime factors of 5814.
2, 3, 17, 19
What are the prime factors of 79810?
2, 5, 23, 347
What are the prime factors of 2586?
2, 3, 431
What are the prime factors of 5097?
3, 1699
List the prime factors of 2652.
2, 3, 13, 17
What are the prime factors of 2176?
2, 17
What are the prime factors of 5850?
2, 3, 5, 13
List the prime factors of 1084.
2, 271
What are the prime factors of 29331?
3, 3259
List the prime factors of 7903.
7, 1129
List the prime factors of 956.
2, 239
List the prime factors of 25152.
2, 3, 131
List the prime factors of 2587.
13, 199
List the prime factors of 96797.
96797
What are the prime factors of 7065?
3, 5, 157
List the prime factors of 29506.
2, 14753
List the prime factors of 4825.
5, 193
List the prime factors of 4789.
4789
What are the prime factors of 28061?
11, 2551
List the prime factors of 5862.
2, 3, 977
List the prime factors of 45442.
2, 22721
List the prime factors of 100918.
2, 50459
List the prime factors of 3855.
3, 5, 257
List the prime factors of 58836.
2, 3, 4903
What are the prime factors of 14718?
2, 3, 11, 223
What are the prime factors of 3843?
3, 7, 61
List the prime factors of 26055.
3, 5, 193
What are the prime factors of 69376?
2, 271
List the prime factors of 510.
2, 3, 5, 17
What are the prime factors of 3667?
19, 193
List the prime factors of 56598.
2, 3, 9433
List the prime factors of 117019.
7, 73, 229
What are the prime factors of 35711?
13, 41, 67
What are the prime factors of 20?
2, 5
List the prime factors of 1873.
1873
List the prime factors of 7894.
2, 3947
What are the prime factors of 16946?
2, 37, 229
List the prime factors of 1587.
3, 23
What are the prime factors of 18540?
2, 3, 5, 103
What are the prime factors of 2852?
2, 23, 31
What are the prime factors of 247?
13, 19
List the prime factors of 1260.
2, 3, 5, 7
What are the prime factors of 495?
3, 5, 11
What are the prime factors of 8903?
29, 307
What are the prime factors of 7304?
2, 11, 83
What are the prime factors of 3444?
2, 3, 7, 41
What are the prime factors of 3617?
3617
List the prime factors of 30248.
2, 19, 199
List the prime factors of 56.
2, 7
List the prime factors of 3312.
2, 3, 23
What are the prime factors of 294?
2, 3, 7
List the prime factors of 2985.
3, 5, 199
What are the prime factors of 1580?
2, 5, 79
What are the prime factors of 2138?
2, 1069
List the prime factors of 644.
2, 7, 23
List the prime factors of 20793.
3, 29, 239
List the prime factors of 37459.
47, 797
What are the prime factors of 1073?
29, 37
What are the prime factors of 2874?
2, 3, 479
List the prime factors of 6035.
5, 17, 71
List the prime factors of 6275.
5, 251
What are the prime factors of 1349?
19, 71
List the prime factors of 44829.
3, 17, 293
What are the prime factors of 2984?
2, 373
What are the prime factors of 656?
2, 41
List the prime factors of 4334.
2, 11, 197
What are the prime factors of 50?
2, 5
List the prime factors of 19958.
2, 17, 587
List the prime factors of 106.
2, 53
List the prime factors of 47457.
3, 5273
What are the prime factors of 755?
5, 151
List the prime factors of 64386.
2, 3, 7, 73
What are the prime factors of 4884?
2, 3, 11, 37
List the prime factors of 19539.
3, 13, 167
List the prime factors of 11719.
11719
List the prime factors of 55468.
2, 7, 283
What are the prime factors of 24635?
5, 13, 379
What are the prime factors of 3227?
7, 461
What are the prime factors of 19203?
3, 37, 173
What are the prime factors of 6245?
5, 1249
List the prime factors of 33059.
13, 2543
List the prime factors of 406.
2, 7, 29
What are the prime factors of 82368?
2, 3, 11, 13
What are the prime factors of 1775?
5, 71
List the prime factors of 1845.
3, 5, 41
List the prime factors of 48097.
7, 6871
List the prime factors of 24645.
3, 5, 31, 53
What are the prime factors of 2300?
2, 5, 23
List the prime factors of 9144.
2, 3, 127
List the prime factors of 1920.
2, 3, 5
What are the prime factors of 2933?
7, 419
What are the prime factors of 5169?
3, 1723
What are the prime factors of 642?
2, 3, 107
What are the prime factors of 47226?
2, 3, 17, 463
What are the prime factors of 183?
3, 61
List the prime factors of 498.
2, 3, 83
List the prime factors of 2992.
2, 11, 17
List the prime factors of 9956.
2, 19, 131
What are the prime factors of 252?
2, 3, 7
List the prime factors of 19234.
2, 59, 163
List the prime factors of 31894.
2, 37, 431
List the prime factors of 117649.
7
What are the prime factors of 37065?
3, 5, 7, 353
List the prime factors of 65751.
3, 7, 31, 101
What are the prime factors of 793?
13, 61
List the prime factors of 5174.
2, 13, 199
List the prime factors of 69310.
2, 5, 29, 239
List the prime factors of 3659.
3659
List the prime factors of 44419.
43, 1033
What are the prime factors of 9044?
2, 7, 17, 19
What are the prime factors of 1850?
2, 5, 37
List the prime factors of 18192.
2, 3, 379
What are the prime factors of 23163?
3, 7, 1103
List the prime factors of 1515.
3, 5, 101
What are the prime factors of 13545?
3, 5, 7, 43
List the prime factors of 921.
3, 307
List the prime factors of 78631.
7, 47, 239
What are the prime factors of 9886?
2, 4943
What are the prime factors of 13211?
11, 1201
What are the prime factors of 2903?
2903
List the prime factors of 6400.
2, 5
List the prime factors of 22340.
2, 5, 1117
List the prime factors of 68441.
89, 769
What are the prime factors of 504?
2, 3, 7
What are the prime factors of 1459?
1459
List the prime factors of 4265.
5, 853
List the prime factors of 130499.
37, 3527
List the prime factors of 23153.
13, 137
List the prime factors of 6335.
5, 7, 181
List the prime factors of 1346.
2, 673
What are the prime factors of 50956?
2, 12739
What are the prime factors of 5343?
3, 13, 137
List the prime factors of 7968.
2, 3, 83
List the prime factors of 62081.
62081
What are the prime factors of 4207?
7, 601
List the prime factors of 755.
5, 151
List the prime factors of 2897.
2897
What are the prime factors of 68708?
2, 89, 193
What are the prime factors of 22326?
2, 3, 61
What are the prime factors of 2381?
2381
What are the prime factors of 516?
2, 3, 43
List the prime factors of 9531.
3, 353
List the prime factors of 50560.
2, 5, 79
List the prime factors of 22070.
2, 5, 2207
List the prime factors of 1410.
2, 3, 5, 47
List the prime factors of 62486.
2, 157, 199
List the prime factors of 31152.
2, 3, 11, 59
List the prime factors of 57151.
67, 853
What are the prime factors of 11601?
3, 1289
What are the prime factors of 48?
2, 3
What are the prime factors of 7301?
7, 149
List the prime factors of 1480.
2, 5, 37
List the prime factors of 25386.
2, 3, 4231
List the prime factors of 1917.
3, 71
What are the prime factors of 1012?
2, 11, 23
What are the prime factors of 8039?
8039
List the prime factors of 29904.
2, 3, 7, 89
List the prime factors of 16125.
3, 5, 43
What are the prime factors of 4693?
13, 19
What are the prime factors of 4395?
3, 5, 293
List the prime factors of 1502.
2, 751
List the prime factors of 3416.
2, 7, 61
List the prime factors of 296.
2, 37
What are the prime factors of 1379?
7, 197
List the prime factors of 1795.
5, 359
What are the prime factors of 759?
3, 11, 23
What are the prime factors of 36141?
3, 7, 1721
List the prime factors of 1357.
23, 59
What are the prime factors of 1320?
2, 3, 5, 11
List the prime factors of 6875.
5, 11
What are the prime factors 